 the prime factors of 3630.
2, 3, 5, 11
List the prime factors of 2411.
2411
List the prime factors of 2016.
2, 3, 7
List the prime factors of 1075.
5, 43
What are the prime factors of 3549?
3, 7, 13
What are the prime factors of 7678?
2, 11, 349
What are the prime factors of 3715?
5, 743
List the prime factors of 2424.
2, 3, 101
What are the prime factors of 25?
5
List the prime factors of 2301.
3, 13, 59
What are the prime factors of 9126?
2, 3, 13
What are the prime factors of 8792?
2, 7, 157
What are the prime factors of 33024?
2, 3, 43
List the prime factors of 387.
3, 43
What are the prime factors of 3630?
2, 3, 5, 11
List the prime factors of 109504.
2, 29, 59
What are the prime factors of 12960?
2, 3, 5
What are the prime factors of 11201?
23, 487
List the prime factors of 11079.
3, 1231
What are the prime factors of 110?
2, 5, 11
List the prime factors of 3810.
2, 3, 5, 127
List the prime factors of 5150.
2, 5, 103
What are the prime factors of 1950?
2, 3, 5, 13
List the prime factors of 1168.
2, 73
List the prime factors of 92262.
2, 3, 15377
What are the prime factors of 51161?
11, 4651
List the prime factors of 8658.
2, 3, 13, 37
What are the prime factors of 8978?
2, 67
What are the prime factors of 251?
251
What are the prime factors of 2681?
7, 383
List the prime factors of 705.
3, 5, 47
List the prime factors of 51653.
7, 47, 157
List the prime factors of 1077.
3, 359
List the prime factors of 1003.
17, 59
What are the prime factors of 732?
2, 3, 61
List the prime factors of 2623.
43, 61
What are the prime factors of 3644?
2, 911
What are the prime factors of 2642?
2, 1321
What are the prime factors of 955?
5, 191
What are the prime factors of 771?
3, 257
List the prime factors of 330.
2, 3, 5, 11
List the prime factors of 679.
7, 97
What are the prime factors of 37512?
2, 3, 521
List the prime factors of 47222.
2, 7, 3373
List the prime factors of 3400.
2, 5, 17
List the prime factors of 542.
2, 271
List the prime factors of 960.
2, 3, 5
List the prime factors of 6246.
2, 3, 347
List the prime factors of 16188.
2, 3, 19, 71
What are the prime factors of 2781?
3, 103
List the prime factors of 65609.
65609
List the prime factors of 37033.
29, 1277
What are the prime factors of 195?
3, 5, 13
What are the prime factors of 2584?
2, 17, 19
What are the prime factors of 118?
2, 59
What are the prime factors of 80009?
19, 4211
List the prime factors of 21837.
3, 29, 251
List the prime factors of 3316.
2, 829
List the prime factors of 424.
2, 53
What are the prime factors of 61741?
29, 2129
What are the prime factors of 288?
2, 3
List the prime factors of 2081.
2081
What are the prime factors of 2576?
2, 7, 23
List the prime factors of 8402.
2, 4201
List the prime factors of 507.
3, 13
What are the prime factors of 18?
2, 3
List the prime factors of 680.
2, 5, 17
What are the prime factors of 15310?
2, 5, 1531
List the prime factors of 31880.
2, 5, 797
List the prime factors of 28413.
3, 7, 11, 41
List the prime factors of 1435.
5, 7, 41
List the prime factors of 2256.
2, 3, 47
What are the prime factors of 164131?
11, 43, 347
List the prime factors of 4924.
2, 1231
What are the prime factors of 357?
3, 7, 17
What are the prime factors of 10273?
10273
What are the prime factors of 4796?
2, 11, 109
What are the prime factors of 69?
3, 23
List the prime factors of 32890.
2, 5, 11, 13, 23
What are the prime factors of 310?
2, 5, 31
What are the prime factors of 4366?
2, 37, 59
What are the prime factors of 63837?
3, 41, 173
List the prime factors of 22185.
3, 5, 17, 29
List the prime factors of 20025.
3, 5, 89
List the prime factors of 38618.
2, 19309
What are the prime factors of 18807?
3, 6269
What are the prime factors of 1782?
2, 3, 11
List the prime factors of 122656.
2, 3833
What are the prime factors of 31826?
2, 15913
What are the prime factors of 5604?
2, 3, 467
List the prime factors of 49989.
3, 19, 877
List the prime factors of 623.
7, 89
What are the prime factors of 22062?
2, 3, 3677
List the prime factors of 39201.
3, 73, 179
List the prime factors of 2924.
2, 17, 43
What are the prime factors of 92367?
3, 11, 311
What are the prime factors of 3710?
2, 5, 7, 53
List the prime factors of 430.
2, 5, 43
List the prime factors of 18135.
3, 5, 13, 31
List the prime factors of 479.
479
What are the prime factors of 866?
2, 433
List the prime factors of 18720.
2, 3, 5, 13
List the prime factors of 92.
2, 23
List the prime factors of 1062.
2, 3, 59
What are the prime factors of 1096?
2, 137
What are the prime factors of 2446?
2, 1223
List the prime factors of 9339.
3, 11, 283
List the prime factors of 3443.
11, 313
What are the prime factors of 656?
2, 41
What are the prime factors of 711?
3, 79
List the prime factors of 10065.
3, 5, 11, 61
List the prime factors of 546.
2, 3, 7, 13
What are the prime factors of 2733?
3, 911
What are the prime factors of 2518?
2, 1259
What are the prime factors of 1872?
2, 3, 13
List the prime factors of 91.
7, 13
List the prime factors of 9415.
5, 7, 269
What are the prime factors of 36095?
5, 7219
What are the prime factors of 12247?
37, 331
List the prime factors of 1086.
2, 3, 181
List the prime factors of 37124.
2, 9281
What are the prime factors of 5273?
5273
List the prime factors of 37475.
5, 1499
What are the prime factors of 35862?
2, 3, 43, 139
What are the prime factors of 425?
5, 17
What are the prime factors of 3706?
2, 17, 109
What are the prime factors of 147?
3, 7
List the prime factors of 4536.
2, 3, 7
List the prime factors of 50325.
3, 5, 11, 61
List the prime factors of 230.
2, 5, 23
List the prime factors of 3116.
2, 19, 41
List the prime factors of 608.
2, 19
What are the prime factors of 2917?
2917
List the prime factors of 4577.
23, 199
List the prime factors of 7324.
2, 1831
List the prime factors of 381.
3, 127
What are the prime factors of 13414?
2, 19, 353
What are the prime factors of 422?
2, 211
What are the prime factors of 561?
3, 11, 17
List the prime factors of 2239.
2239
List the prime factors of 6145.
5, 1229
What are the prime factors of 1018?
2, 509
List the prime factors of 968.
2, 11
List the prime factors of 2083.
2083
List the prime factors of 30.
2, 3, 5
What are the prime factors of 15210?
2, 3, 5, 13
List the prime factors of 28435.
5, 11, 47
What are the prime factors of 354?
2, 3, 59
List the prime factors of 1347.
3, 449
List the prime factors of 15992.
2, 1999
List the prime factors of 20690.
2, 5, 2069
What are the prime factors of 21659?
11, 179
List the prime factors of 369.
3, 41
List the prime factors of 61167.
3, 20389
What are the prime factors of 88474?
2, 31, 1427
List the prime factors of 60649.
60649
What are the prime factors of 49350?
2, 3, 5, 7, 47
What are the prime factors of 29576?
2, 3697
List the prime factors of 39955.
5, 61, 131
What are the prime factors of 2588?
2, 647
What are the prime factors of 28479?
3, 11, 863
What are the prime factors of 10819?
31, 349
List the prime factors of 24056.
2, 31, 97
List the prime factors of 13204.
2, 3301
List the prime factors of 1992.
2, 3, 83
What are the prime factors of 6845?
5, 37
List the prime factors of 67753.
7, 9679
List the prime factors of 1915.
5, 383
List the prime factors of 687.
3, 229
What are the prime factors of 1611?
3, 179
What are the prime factors of 3016?
2, 13, 29
List the prime factors of 225.
3, 5
List the prime factors of 7904.
2, 13, 19
What are the prime factors of 18682?
2, 9341
List the prime factors of 1957.
19, 103
List the prime factors of 41125.
5, 7, 47
List the prime factors of 368.
2, 23
What are the prime factors of 37048?
2, 11, 421
List the prime factors of 6717.
3, 2239
List the prime factors of 3994.
2, 1997
What are the prime factors of 10882?
2, 5441
What are the prime factors of 1903?
11, 173
What are the prime factors of 272?
2, 17
List the prime factors of 44419.
43, 1033
List the prime factors of 1934.
2, 967
List the prime factors of 3076.
2, 769
List the prime factors of 3309.
3, 1103
List the prime factors of 340.
2, 5, 17
What are the prime factors of 2418?
2, 3, 13, 31
What are the prime factors of 1505?
5, 7, 43
List the prime factors of 2037.
3, 7, 97
What are the prime factors of 20100?
2, 3, 5, 67
What are the prime factors o